se
Does 4 divide 428416?
True
Does 126 divide 960372?
True
Is 133630 a multiple of 26?
False
Is 6779088 a multiple of 11?
False
Is 1542736 a multiple of 104?
True
Does 30 divide 147344?
False
Does 13 divide 427294?
False
Does 91 divide 8243326?
True
Is 26231 even?
False
Does 17 divide 428018?
False
Is 43308 a multiple of 5?
False
Does 369 divide 2372219?
False
Is 493587 a multiple of 101?
True
Is 652914 even?
True
Is 164730 a multiple of 102?
True
Is 83 a factor of 317143?
True
Is 961069 a multiple of 14?
False
Is 16705125 a multiple of 34?
False
Is 4 a factor of 243208?
True
Does 918 divide 4845313?
False
Is 77 a factor of 30720?
False
Does 8 divide 64157?
False
Does 877 divide 1615434?
True
Is 111 a factor of 1842463?
False
Does 17 divide 164368?
False
Does 11 divide 857989?
True
Is 896741 a multiple of 99?
False
Is 178480 a multiple of 74?
False
Does 67 divide 156130?
False
Is 22 a factor of 384776?
False
Is 54 a factor of 23199?
False
Is 8650791 a multiple of 16?
False
Does 1158 divide 822247?
False
Does 654 divide 1721982?
True
Is 78 a factor of 929625?
False
Is 114 a factor of 335844?
True
Does 13 divide 392555?
False
Does 35 divide 791210?
True
Does 349 divide 1350979?
True
Is 6123721 a multiple of 51?
False
Is 415440 a multiple of 36?
True
Is 686 a factor of 258622?
True
Does 41 divide 7043882?
True
Is 13453792 a multiple of 88?
True
Does 18 divide 655038?
True
Is 22 a factor of 410611?
False
Does 9 divide 45612?
True
Is 121 a factor of 132866?
False
Does 30 divide 96996?
False
Is 24 a factor of 12038016?
True
Does 101 divide 512143?
False
Is 247020 a multiple of 69?
True
Is 2664817 a multiple of 251?
False
Is 123 a factor of 350697?
False
Is 29000 a multiple of 6?
False
Is 29267 a multiple of 113?
True
Is 5 a factor of 149126?
False
Is 99416 a multiple of 142?
False
Is 110432 a multiple of 29?
True
Does 639 divide 153361?
False
Does 268 divide 18082496?
True
Is 419 a factor of 124862?
True
Is 1213 a factor of 20113966?
True
Is 125245 a multiple of 218?
False
Is 19446 a multiple of 35?
False
Is 37 a factor of 10306?
False
Is 16049303 a multiple of 61?
False
Is 14 a factor of 8805739?
False
Is 188260 a multiple of 12?
False
Is 513 a factor of 2342871?
True
Is 58 a factor of 67058?
False
Does 360 divide 675360?
True
Does 5 divide 1441505?
True
Is 5139094 a multiple of 766?
True
Does 183 divide 5650034?
False
Does 240 divide 427982?
False
Is 11 a factor of 10661743?
False
Is 115 a factor of 7351?
False
Is 16 a factor of 4581?
False
Is 28446 a multiple of 366?
False
Does 254 divide 1643207?
False
Is 57420 a multiple of 165?
True
Is 3314242 a multiple of 144?
False
Is 161530 a multiple of 145?
True
Does 19 divide 308408?
True
Does 111 divide 59561?
False
Does 1670 divide 2438200?
True
Is 14 a factor of 6498606?
False
Is 12910975 a multiple of 10?
False
Is 3750345 a multiple of 8?
False
Is 1499160 a multiple of 39?
True
Does 27 divide 38826?
True
Is 1952 a multiple of 61?
True
Is 25 a factor of 994125?
True
Does 206 divide 428273?
False
Is 49 a factor of 300129?
False
Is 96 a factor of 497550?
False
Does 3 divide 114222?
True
Is 10653082 a multiple of 27?
False
Is 221 a factor of 2052206?
True
Does 9 divide 14859?
True
Is 7280 a multiple of 10?
True
Is 14 a factor of 484078?
True
Is 615 a factor of 121427?
False
Is 99 a factor of 11386782?
True
Does 26 divide 3864330?
False
Does 12 divide 42096?
True
Does 23 divide 1988902?
True
Is 5872800 a multiple of 206?
False
Is 1514 a factor of 6119588?
True
Is 10972800 a multiple of 72?
True
Is 6 a factor of 1190472?
True
Is 934310 a multiple of 5?
True
Is 268 a factor of 940412?
True
Is 179 a factor of 1275399?
False
Is 19 a factor of 12055462?
True
Does 18 divide 634028?
False
Does 10 divide 97220?
True
Is 21922 a multiple of 226?
True
Is 349 a factor of 1061141?
False
Does 455 divide 333341?
False
Is 92 a factor of 3208393?
False
Is 68 a factor of 85816?
True
Does 9 divide 91845?
True
Is 27 a factor of 52191?
True
Is 2 a factor of 2188?
True
Is 448 a factor of 197120?
True
Is 84 a factor of 2781324?
True
Does 12 divide 4379098?
False
Does 19 divide 7114550?
True
Does 635 divide 1586865?
True
Is 104 a factor of 11183?
False
Is 6578901 a multiple of 369?
True
Does 163 divide 254117?
True
Is 2819557 a multiple of 137?
False
Does 133 divide 494361?
True
Is 669 a factor of 5410688?
False
Does 107 divide 316357?
False
Is 59169 a multiple of 119?
False
Is 199 a factor of 1103709?
False
Is 10 a factor of 1382753?
False
Does 127 divide 132461?
True
Does 478 divide 826940?
True
Is 173263 a multiple of 11?
False
Is 6 a factor of 1033957?
False
Does 31 divide 323671?
True
Is 135 a factor of 1892565?
True
Does 2 divide 1617?
False
Is 251076 a multiple of 21?
True
Is 145542 a multiple of 573?
True
Is 20 a factor of 177100?
True
Is 650094 a multiple of 291?
True
Does 1290 divide 9424740?
True
Is 144673 a multiple of 8?
False
Is 6 a factor of 256617?
False
Does 55 divide 189805?
True
Is 27 a factor of 156222?
True
Is 4760935 a multiple of 42?
False
Is 105685 a multiple of 216?
False
Does 316 divide 6883112?
True
Is 18 a factor of 7706442?
False
Is 17 a factor of 917632?
False
Is 1200 a factor of 2325413?
False
Is 24829209 a multiple of 78?
False
Does 177 divide 31072?
False
Does 13 divide 3310021?
True
Is 3821 a multiple of 3?
False
Does 125 divide 204798?
False
Is 126 a factor of 6283014?
False
Is 264528 a multiple of 88?
True
Is 1028 a factor of 7497204?
True
Is 101 a factor of 5669635?
True
Is 2774079 a multiple of 99?
True
Does 358 divide 1114378?
False
Is 4 a factor of 58509?
False
Is 87132 a multiple of 106?
True
Is 90 a factor of 852480?
True
Does 45 divide 1531665?
True
Is 157080 a multiple of 510?
True
Is 1490328 a multiple of 18?
True
Does 7 divide 275838?
False
Is 198220 a multiple of 55?
True
Does 123 divide 93849?
True
Does 249 divide 1986771?
True
Does 26 divide 51488?
False
Is 18 a factor of 1501046?
False
Is 7651224 a multiple of 342?
True
Is 103505 a multiple of 258?
False
Does 19 divide 1238661?
False
Does 45 divide 27396?
False
Is 313 a factor of 269010?
False
Does 52 divide 5689684?
True
Is 131728 a multiple of 4?
True
Is 6 a factor of 1990434?
True
Is 438408 a multiple of 24?
True
Does 141 divide 5199754?
False
Is 1478084 a multiple of 163?
True
Does 9 divide 69444?
True
Is 44 a factor of 284416?
True
Does 366 divide 6937272?
False
Is 21 a factor of 731015?
False
Is 116 a factor of 1085296?
True
Is 6 a factor of 399216?
True
Does 67 divide 53125?
False
Does 14 divide 174456?
False
Is 1360 a factor of 1050861?
False
Is 11887422 a multiple of 223?
False
Does 110 divide 1462494?
False
Does 47 divide 207047?
False
Does 10 divide 892412?
False
Is 1602 a factor of 3356290?
False
Is 2661490 a multiple of 694?
True
Does 100 divide 3157000?
True
Is 18 a factor of 1534385?
False
Is 112095 a multiple of 6?
False
Is 48542 a multiple of 26?
True
Does 32 divide 141824?
True
Is 234 a factor of 23802012?
True
Does 101 divide 295878?
False
Is 13 a factor of 141826?
False
Is 18 a factor of 222912?
True
Does 136 divide 2188784?
True
Does 48 divide 1660991?
False
Is 48 a factor of 2906?
False
Does 6 divide 80734?
False
Is 130 a factor of 91287?
False
Is 248748 a multiple of 38?
True
Is 9 a factor of 141112?
False
Does 15 divide 38685?
True
Does 8 divide 123664?
True
Is 360 a factor of 867520?
False
Is 26 a factor of 1337688?
False
Is 330201 a multiple of 14?
False
Does 14 divide 529119?
False
Is 278734 a multiple of 141?
False
Is 2771200 a multiple of 800?
True
Is 39 a factor of 1577997?
False
Is 1002714 a multiple of 541?
False
Is 3587234 a multiple of 1246?
True
Is 11747263 a multiple of 123?
False
Is 133 a factor of 165452?
True
Is 4072 a multiple of 3?
False
Does 828 divide 896724?
True
Does 96 divide 768?
True
Is 928 a factor of 2444248?
False
Does 56 divide 601272?
True
Is 383 a factor of 47492?
True
Does 5 divide 326460?
True
Is 33143 a multiple of 4?
False
Is 177030 a multiple of 18?
True
Does 25 divide 637750?
True
Is 40 a factor of 64679?
False
Is 24 a factor of 2144568?
True
Is 122 a factor of 123830?
True
Is 138789 a multiple of 63?
True
Is 254 a factor of 841756?
True
Does 28 divide 2503691?
False
Is 1157362 a multiple of 157?
False
Is 3 a factor of 2060?
False
Does 15 divide 405645?
True
Is 2 a